 45*q + 1566. Let u be f(23). Let j(l) = 9*l**2 - l + 2. Let d be j(-4). What is the greatest common factor of d and u?
2
Suppose -2568 = -5*i + 5022. What is the greatest common divisor of 22 and i?
22
Let x be (197 - 212) + 269*3. Calculate the greatest common factor of 45 and x.
9
Suppose 2*m - 1200 = -4*z, -4*m + 2209*z + 2400 = 2207*z. Calculate the highest common factor of 744 and m.
24
Suppose 3*h + 15 = 0, -3*i = 21*h - 26*h - 37. Let m be -1*i*-41*(-6)/(-3). Calculate the highest common factor of m and 4.
4
Suppose 4*y = -4*x + 172, -5*y + 68 = 4*x - 149. Calculate the highest common divisor of y and 2505.
15
Suppose 4*a = 3*z - 744, 0 = 2*z - 3*a - 33 - 463. Suppose -1643 = -5*b - z. What is the greatest common divisor of 31 and b?
31
Let c(u) = -15*u + 18. Let t(r) = -r. Let s(d) = -c(d) - 5*t(d). Let h be s(9). What is the highest common divisor of 6 and h?
6
Suppose -5*b - b = -2346. Let d = b - 202. Suppose 12*w = 6*w + 126. Calculate the highest common divisor of d and w.
21
Suppose 7 = v - d, -5*d + 5 = 5*v - 2*v. Suppose -5*r + 457 = -k, -k = -0*r + v*r - 453. Let a = r + 65. Calculate the highest common factor of 39 and a.
39
Let m(i) = i**3 - 2*i**2 + i + 11. Let d be m(0). Suppose 15*j - d*j = 1560. Calculate the highest common factor of j and 26.
26
Let c be (22 - 7 - 11) + 29. What is the highest common factor of 1551 and c?
33
Let f be (-10)/15 + (-5)/(45/(-24)). Suppose -8*n = -4*n + f*i - 362, -3*n - 5*i + 275 = 0. Calculate the highest common factor of 10 and n.
10
Suppose 223*m - 10*m - 195195 = -18*m. What is the highest common factor of 10 and m?
5
Let z be ((-9)/3)/(-7 + (-34288)/(-4900)). What is the highest common factor of z and 98?
49
Let w = 3742 - -52. What is the greatest common factor of w and 14?
14
Suppose 2*j + c = 828, j - 5*c + 130 = 533. Suppose 0 = j*l - 415*l + 4. What is the highest common divisor of 18 and l?
2
Suppose 156*x = 1743 + 909. Calculate the highest common factor of x and 901.
17
Let k(r) = -r**2 - 10*r + 390. Let v be k(14). What is the greatest common factor of v and 234?
18
Let r(h) = -h**3 - 2*h**2 - 9*h + 9. Let n be r(-3). What is the highest common divisor of n and 6255?
45
Let x = -95 - -99. Suppose -4*v - x*z = -364, 2 + 3 = -z. Let s = v + -54. What is the greatest common divisor of s and 28?
14
Suppose -p + 6*p - n = -276, 4 = 4*n. Suppose 182*b - 162*b + 800 = 0. Let h = b - p. Calculate the greatest common factor of h and 120.
15
Suppose -11*x - 6*x = 9*x - 104. What is the highest common factor of x and 163?
1
Let g(w) = -w + 1. Let i be (3 + -1)*(-49)/(-14). Suppose -x + 3*f - i = 13, x = -5*f + 12. Let l be g(x). Calculate the greatest common divisor of 90 and l.
9
Let b = -29166 + 29396. Let a = 3 - -43. What is the highest common divisor of a and b?
46
Let m = -31389 - -32029. What is the highest common divisor of m and 30?
10
Suppose -2 = -t - 27. Let d = 41 + t. Suppose -53*f + 131 + 293 = 0. Calculate the highest common factor of f and d.
8
Let g = 48 + -42. Suppose -3*a + g = -a. Calculate the greatest common divisor of 39 and a.
3
Suppose -90*h + 100 = -46 - 124. What is the highest common factor of 6753 and h?
3
Let d be (23/(920/9870))/((-1)/(-4)). What is the greatest common factor of 42 and d?
21
Let m(q) = 3*q**2 - 167*q + 364. Let u be m(69). What is the highest common divisor of u and 132?
44
Suppose -5*o + 5 = 0, o + 20 = 2*d - 1. Let i be (2 + -3)*1/(-2)*-18. Let q be 556/10 + i/15. Calculate the highest common divisor of d and q.
11
Let h be 743*1 - (-9)/(27/(-6)). Suppose -12*i = -5025 + h. What is the highest common divisor of i and 21?
21
Let n = 3223 + -2855. Calculate the greatest common divisor of n and 644.
92
Suppose 20*d + 38*d - 14*d - 1980 = 0. What is the highest common factor of d and 340?
5
Let x = 1000 + -987. Let a be 1/(-2)*-3*-2. Let z be 1*(a - -1) + 67. Calculate the highest common divisor of x and z.
13
Let p be (-3 - (0 + -2))*71*1. Let c = 37 + p. Let w = -16 - c. Calculate the highest common divisor of 27 and w.
9
Let r(z) = 12518*z**3 - 12523*z**3 + 2 + z - 5*z**2 - 6*z. Let n be r(-2). What is the greatest common divisor of n and 416?
32
Let m(z) = -5*z + 105. Let c be m(-11). Let o = c - 139. Suppose 2*v = 3*v - 168. What is the greatest common factor of o and v?
21
Let a = 45 - -24. Let w = a - 62. What is the highest common factor of w and 14?
7
Let d = -275 + 276. Let k be (20/(-12) - d/1)*-9. What is the greatest common divisor of 14 and k?
2
Let n be 150/((9/24)/1). Suppose -j + 5*h + 1 = 0, -19*j + 3*h = -22*j + 57. Calculate the highest common factor of n and j.
16
Let b = -15691 + 15877. Calculate the highest common factor of b and 806.
62
Suppose -15 = -3*w, 6*m - 3*w + 38 - 119 = 0. Let i = 36 + -4. Let s = -28 + i. Calculate the highest common divisor of s and m.
4
Suppose 35*a = 41*a - 24. Suppose 0 = -19*h + a*h + 30. Suppose -2*c = -o + c + 26, -h*c - 8 = 0. What is the highest common divisor of 7 and o?
7
Let f be (-16)/6*195/(-20). Let y = -26 + f. Suppose y = -3*u - 0*u + 21. Calculate the highest common factor of 21 and u.
7
Suppose 169*a + 142*a - 561044 = 0. What is the highest common factor of 132 and a?
44
Let f(h) = 131*h - 53. Let u(y) = 65*y - 28. Let r(b) = 6*f(b) - 13*u(b). Let i be r(-5). What is the highest common divisor of i and 124?
31
Let i(t) = -4*t**2 - 38*t - 12. Suppose 0 = 4*d + q - 4*q + 24, 0 = 3*d - 4*q + 11. Let r be i(d). What is the highest common factor of r and 22?
2
Let j(x) be the first derivative of 6*x - 5/4*x**4 - 4/3*x**3 - 1/2*x**2 - 21. Let y be j(-2). Calculate the greatest common divisor of y and 288.
32
Let w = 236 - 232. Suppose 3*q = -2*l + 69, -3*q + w*q - 37 = 4*l. What is the greatest common divisor of q and 325?
25
Let m be -1 + 6 + 22/11. Suppose m*d = 2594 - 95. Let i be (496/(-14))/(-2) - (-102)/d. Calculate the greatest common divisor of i and 18.
18
Let b be ((-64)/30 + 1/(-5))/((-227)/330966). Calculate the greatest common factor of 112 and b.
14
Suppose -7475 = 19*q + 4*q. Let p be (-24650)/q + (-4)/(-26). Calculate the highest common factor of p and 171.
19
Suppose 0 = 2*y - 5*h - 168, -4*y + 352 - 88 = 2*h. Calculate the greatest common factor of 2921 and y.
23
Suppose 5*w = 3*t - 51, -t + 0*w + 21 = -3*w. Suppose -13*j + t*j + 14 = 0. Calculate the highest common factor of j and 266.
14
Suppose -19256 = -34*p + 36470. Let i = -614 + 625. What is the greatest common divisor of p and i?
11
Let w(d) = 3*d**2 + 6*d + d**2 - d. Let m be w(-3). Suppose 6*s = 2 + 40. Calculate the highest common divisor of m and s.
7
Let y(h) = h**2 + 55*h + 911. Let g be y(-46). What is the greatest common factor of 175 and g?
7
Suppose -6*f = -2*f - 240. Suppose 900 = 23*q - 18*q. Suppose 11*g = 13*g + a - 90, q = 4*g + 5*a. Calculate the highest common divisor of g and f.
15
Suppose 23*g - 2*d = 26*g + 5, 5*d = -2*g - 18. Calculate the highest common factor of 208 and g.
1
Let h be 726/132 - 6114/(-4). Calculate the greatest common divisor of 52 and h.
26
Suppose -11*f - 125 = -301. Calculate the highest common factor of 232 and f.
8
Let k = -7 + 12. Suppose -q + 2 = 0, -4*p - p - k = -5*q. Suppose 2*n + 17*n + 360 = 148*n - 1059. Calculate the greatest common factor of n and p.
1
Suppose -15*v - 7 = 12 - 394. Let b be ((-8)/(-4) - 1) + 4. What is the greatest common factor of v and b?
5
Let b(q) = -81*q + 569. Let k be b(7). Calculate the greatest common divisor of 262 and k.
2
Let j be -13 + (-221)/(-13) - (42574 - 2)/(-4). What is the greatest common factor of 21 and j?
21
Suppose 0 = 3*k - 18, 3*y + 47*k - 169770 = 44*k. Calculate the greatest common factor of y and 44.
44
Let l be 55 + 2 + -2 - 12. Calculate the greatest common divisor of l and 1.
1
Suppose 355233 = 261*i - 15892 - 21419. What is the greatest common factor of i and 160?
32
Let c(r) = -r**3 - 18*r**2 - 16*r + 281. Let v be c(-16). What is the highest common divisor of 165 and v?
5
Let b be (-1)/((-66)/(-12)) + 57/11. Let a(z) = 82*z**2 + b*z + 5 - 74*z**2 + z. Let k be a(-5). What is the highest common factor of k and 25?
25
Suppose -4*w = 3*r + 127, -2*r + w - 108 = -w. Let u = r - -98. Calculate the greatest common factor of u and 7.
7
Let y be (-4)/(-10) - 126/(-35). Suppose y*u = 83 - 47. Calcula